at is v(4)?
1
Let l(n) = n + 18. Let u be l(-13). Let t(s) = -10*s + 2. Let k(y) = -5*y + 1. Let v(b) = u*k(b) - 3*t(b). What is v(-2)?
-11
Let t(d) = d**2 + 11*d + 12. Let g(p) = -3*p**2 - 290 + 11*p + 301 + 4*p**2. Let z(f) = -3*g(f) + 2*t(f). Give z(-8).
15
Let p(i) = i**2 + 5*i - 2. Let q be (0/(0 - -4))/3. Suppose -3*x = -g - 3 - 0, q = -5*g. Let h be -5*x*18/30. Give p(h).
-8
Let v(k) = -k**3 + 6*k**2 + 6*k + 3. Let c(t) = t**3 - t**2 - t + 1. Let m(a) = 2*c(a) + v(a). Give m(-4).
-11
Let o(h) = -38*h + 9 + 39*h - 3. Determine o(6).
12
Let x(p) = -p + p - 4 - 2*p. Let m be x(0). Let l(n) = -n**3 + n**2 + 1. Let d(b) = 6*b**3 + 5*b - 5. Let y(s) = -d(s) - 5*l(s). What is y(m)?
4
Let g(b) = -b**2 + 2*b - 2. Let y(r) = 6*r**2 - 5*r + 18. Let o(v) = -5*g(v) - y(v). What is o(-5)?
-8
Let b(t) = 11*t**2 - t + 1. Let s be (3 + -2)*(5 + -1). Suppose 2*c - 6 = -2*x + s*c, -c = 2. Determine b(x).
11
Suppose 4*h = 2*h. Let v(z) be the first derivative of -z**2/2 + 2*z + 13. Give v(h).
2
Let s = 0 + 2. Let c be 7/(98/(-4)) + (-102)/(-14). Let k(d) = -c*d + 6 + 2 - 5. What is k(s)?
-11
Let h(c) = -3 - 2*c**2 + 4*c + 2*c**2 - c**2. Let d(b) = -2*b**2 - 7 + 3*b**2 + b + 3. Let t be d(-3). Calculate h(t).
1
Let g(h) = h. Let c be (-1)/2 - (-304)/32. Let i(s) = s**3 - 10*s**2 + 7*s + 13. Let o be i(c). Determine g(o).
-5
Let w = -8 - -13. Let h(o) be the first derivative of -o**6/360 + o**5/24 - o**3 + 5. Let c(y) be the third derivative of h(y). Determine c(w).
0
Let l(k) = -k**2 + k - 4. Suppose 5 = 6*x - 25. What is l(x)?
-24
Let f(d) = d**2 - 9*d + 16. Let z = -2687 + 2694. Calculate f(z).
2
Let v(x) = 3*x**3 - 5*x**2 + 9*x - 5. Let j(d) be the second derivative of -d**5/20 + d**4/6 - d**3/2 + d**2 - 12*d. Let t(i) = 7*j(i) + 2*v(i). Determine t(4).
-8
Let d = 24 - 64. Let b = d - -42. Let w(y) = y**3 + y - 1. What is w(b)?
9
Let h(b) be the second derivative of -b**6/120 - b**5/10 + b**4/12 - b**3/6 - 15*b**2 - b - 1. Let r(y) be the first derivative of h(y). Calculate r(-6).
-13
Let p(i) be the first derivative of -3*i**4/2 - i**3/3 - i**2/2 + 3175. Suppose 6 - 3 = -3*x. Calculate p(x).
6
Let a be 1/(-2) + -2 + 5/10. Let r = a + 6. Let l(k) be the third derivative of -k**5/60 + 5*k**4/24 + k**3/6 - k**2. What is l(r)?
5
Let r be 1/((-20)/(-8)) + (-52)/(-20). Suppose -2*f - 4 = -5*n + 13, 0 = -r*f + 12. Let w(z) = z**2 - 3*z - 6. What is w(n)?
4
Let y(r) = 2*r**3 + 13*r**2 + 6*r - 5. Let j = 3 + -9. Let c be y(j). Let w(u) be the second derivative of u**4/12 + 7*u**3/6 + 5*u**2/2 - u. Calculate w(c).
-5
Let p(s) = -2*s + 4. Let q be 7 + 18 - (0 + 0). Suppose 4*v + v = q. What is p(v)?
-6
Let i(t) be the second derivative of -t**6/120 + t**4/6 + t**3/2 - 15*t**2/2 - 13*t. Let q(w) be the first derivative of i(w). Determine q(-2).
3
Suppose -2*v - 2 = -4*f, 2*v - 3*f = -v. Let d(o) = -7*o - v + 3*o + 6*o - 3*o. Calculate d(-10).
9
Suppose 6*g = 4*g + 2. Suppose i + 0*i = g. Let u(h) = -4 + 3 + 5*h - i. What is u(3)?
13
Let m(d) = -d + 6. Let y(n) = 5*n**2 + 21*n + 12. Let x be y(-4). Calculate m(x).
-2
Let s(b) = 8*b**2 - 5*b + 9. Let c(p) = p**2 + 1. Let t(j) = -4*c(j) + s(j). What is t(2)?
11
Let r(a) = -10*a + 6. Let i(c) = 2*c - 1. Let q(m) = -16*i(m) - 3*r(m). Let h(y) = -y**2 - 7*y - 1. Let o be h(-5). Let f be ((-3)/9)/(1/o). Determine q(f).
4
Let y(c) = c**3 + 6*c**2 + 6*c + 24. Let p = -431 + 425. What is y(p)?
-12
Let t(w) be the second derivative of w**3/6 - w**2/2 + 75*w. Calculate t(2).
1
Let b(x) = 3*x**2 - 2*x**3 - x**2 - 1 + 0*x**3. Let h(q) = -q**2 + 15*q - 49. Let o be h(10). Calculate b(o).
-1
Let o(v) = -v**2 - v + 8. Let p(d) = -31*d**2 + 2*d + 9. Let m be p(3). Let u be ((m/(-30))/(-11))/(2/15). Determine o(u).
-22
Let i be 32/10 + (-3)/15. Let y(c) = c - 6. Let u(j) = -5*j + 32. Let s(t) = 4*u(t) + 22*y(t). Give s(i).
2
Let w(h) be the first derivative of h**4/12 + h**3 + 9*h**2 - 6. Let p(t) be the second derivative of w(t). Determine p(-6).
-6
Let g(a) = -2*a**3 + 70*a**2 - a + 44. Let i be g(35). Let d(n) = n**2 - 10*n + 4. What is d(i)?
-5
Let t(f) = f + 2. Let p be t(-1). Let d(r) = 14*r - 5*r + 0 + p. Determine d(-1).
-8
Let y(v) be the third derivative of v**7/315 + v**6/360 - v**5/120 + 5*v**4/12 - 17*v**2. Let c(n) be the second derivative of y(n). Determine c(1).
9
Let m(b) = 3*b - 9. Let c be (32/6 - 5)/((-2)/(-36)). What is m(c)?
9
Let r(q) be the third derivative of q**6/120 - q**5/12 + q**4/4 - 5*q**3/6 + 6*q**2 - 5*q. Determine r(5).
25
Let a(t) = 2*t**2 + 9*t - 4. Suppose -30*f - 392 = 26*f. Determine a(f).
31
Let i(w) = -2*w**3 + 7*w**2 + 4*w + 6. Let p(h) = h**3 - 4*h**2 - 2*h - 3. Let x(y) = 6*i(y) + 11*p(y). Let g = 523 + -525. Calculate x(g).
-1
Let y = -1 - -2. Let f(l) = -l + y + 4*l - 4 - 4*l**2. Let b be ((9 - 17) + 7)/(2/(-4)). Calculate f(b).
-13
Let q(a) = 2*a - 2. Let o(z) = -z. Let r(f) = 5*o(f) + 5*q(f). Let v be (7/4)/((-18)/(-72)). Determine r(v).
25
Let i(z) be the first derivative of -z**3/3 + 7*z**2/2 + 10*z + 2. Suppose -363 = -9*j - 300. Determine i(j).
10
Let g(d) = d**3 - 7*d**2 - 7*d + 4. Let w be g(9). Let r = w + -96. Let t(c) = c**3 - 6*c**2 - 7*c + 2. Determine t(r).
2
Let h(u) be the first derivative of -u**5/60 + 5*u**4/24 + u**3 - u**2 - 18. Let o(w) be the second derivative of h(w). Determine o(6).
0
Let d(v) be the first derivative of 0*v**2 + 1/12*v**4 - 3*v + 0*v**3 + 2. Let r(x) be the first derivative of d(x). What is r(1)?
1
Suppose 4*w + 12 = -8, 0 = 3*i - 3*w - 33. Let c(x) = -2*x**2 - i*x + 8*x - 4*x. Determine c(-3).
-12
Let o(h) = -h**2 - 6*h + 6. Suppose 2*v - 8 = 4*v, 2*f = -5*v - 12. Suppose -f*r = 3*m - m - 22, 5*r - 2*m - 5 = 0. Suppose 0 = g - r*g - 12. What is o(g)?
6
Let a(j) be the first derivative of j**3/3 + 3*j**2 - 6*j + 1. Let h(u) = -3*u**3 - 6*u**2 + u - 6. Let q be h(-2). What is a(q)?
10
Let g(p) = p**2 - 8*p + 25. Let u be g(6). Suppose 23 + u = -9*v. Let s(n) = -2 - 4*n**2 - n**3 + 0 + 0*n**2. What is s(v)?
-2
Let l(f) = -f - 25. Let k(r) = 22*r**3 + r**2 + r + 1. Let p be k(-1). Determine l(p).
-4
Let o(j) = -j**3 + 16*j**2 - 15*j + 6. Let r be o(15). Let z(p) = 0 + 4 - r*p**3 + p**3 + 4*p**3. Determine z(0).
4
Let q be 2*(108/8 + -3). Let j = q - 15. Let b(g) = 2*g**2 - 3*g**2 - 4 - 3*g + j*g + g. Calculate b(3).
-1
Let c(w) = w**2 - 4*w + 4. Suppose -5*z = -9 - 11. Suppose 32*x - z = 31*x. What is c(x)?
4
Let i(s) be the first derivative of -s**3/3 - 4*s**2 - 12*s - 184. What is i(-6)?
0
Suppose 2*p = p + 2. Let d = 5 + 0. Let c be (p - d)/12*-4. Let l(u) = 4*u + 1. What is l(c)?
5
Suppose -5*m + 15 = 0, 4*m = s - 2*s + 2636. Let k(r) = -2 + 0*r + s*r**2 - 2629*r**2 - 6*r + r**3 + 7. Give k(6).
5
Let z(q) = -q - 3. Let y(w) = 3*w + 8. Let b(g) = -3*y(g) - 8*z(g). Suppose -73*r + 85*r - 72 = 0. Give b(r).
-6
Let k(i) = -9*i**2 + 2*i - 10. Let j(h) = -14*h**2 + 4*h - 15. Let v(a) = -5*j(a) + 8*k(a). Give v(-2).
-5
Let v = 124 + -123. Let l(k) = -k**2 + 0*k**2 + 3*k - k + v - 6*k. What is l(-2)?
5
Let b(g) be the third derivative of g**2 + 0*g**3 + 0*g + 1/15*g**5 + 1/24*g**4 + 0. Suppose -3*t = 2*t + 5. Give b(t).
3
Suppose 0*r = 5*r - 30. Let p(l) be the first derivative of l**2 - 6*l - 13. What is p(r)?
6
Let b(y) = -y**2 + y + 2. Suppose -k = -2, g - k - 15 = -0*k. Suppose -4*d - g = -9. Give b(d).
-4
Let j(y) = 0*y**3 + 13*y - 12*y**2 + y**3 + 29*y - 56*y - 12. Determine j(13).
-25
Let w(f) = 10 + 18 + 13 + 3*f - 47. Give w(-6).
-24
Let u(n) = -53 + n**3 + 67 - 2*n**2 + 2*n + 5*n**2 + 3*n**2 - n. Calculate u(-6).
8
Let q(k) = -2*k. Let j(y) = 8*y**3 - 2*y**2 - y + 1. Let o be j(-1). Calculate q(o).
16
Let y(h) be the third derivative of 1/2*h**3 + 1/24*h**4 + 27*h**2 + 0 + 0*h. Give y(-4).
-1
Suppose 120*l - 123*l = -105. Let d = 40 - l. Let h(k) = -5*k + 0*k**2 + k**2 + 5 + 2. Give h(d).
7
Suppose -3*d - 45 = 60. Let a be 12/2*(d/(-10))/7. Let h(n) = -n**2. Let c(k) = -2*k**2 - 2*k - 1. Let r(b) = c(b) - 3*h(b). Determine r(a).
2
Let m(s) = -2*s + 7. Suppose 4*k - 3*y = 1089, -3*k + y + 817 = -y. Let r = k - 962. Let l be (-2)/(-18) - r/117. What is m(l)?
-5
Let z(w) = 0*w + w - 2*w - 4 + 10. Let h(s) = -s + 1. Suppose -2*r - 1 = -5*n + 2*n, -6 = -3*n - 3*r. Let i be h(n). Determine z(i).
6
Let w(v) = -273937 + 3*v**2 + 0*v**2 + v**3 - 2*v